rime factors of s(45)?
17, 47
Let q(f) = f**2 + 5*f + 6. Let v be q(-4). Suppose 0 = v*l - 5*m - 31, 2*l - 2*m = -0*m + 28. Let b(k) = 2*k - 15. What are the prime factors of b(l)?
11
Suppose -25*o = o - 49*o + 262039. What are the prime factors of o?
11393
Let x = 58348 - 35669. List the prime factors of x.
22679
Suppose 42 = 39*q - 621. List the prime factors of 12070/q - (0 + 3).
7, 101
Suppose 17*w - 5053 = 5657. Suppose 1153 = y - w. List the prime factors of y.
1783
Let n(r) = -8 + 4*r + 2 + 20*r**2 - 9*r - 2. Let b(v) = v**3 + 5*v**2 - v - 7. Let f be b(-5). List the prime factors of n(f).
2, 41
Let q(f) = 11206*f - 173. List the prime factors of q(2).
3, 7, 353
Suppose -427368 + 414846 = -132*c + 1071462. What are the prime factors of c?
2, 2053
Let b = 15924 + 9111. What are the prime factors of b?
3, 5, 1669
Let z(c) = -6*c**2 - 13*c - 50. Let q(x) = -6*x**2 - 10*x - 52. Let g(y) = -5*q(y) + 4*z(y). What are the prime factors of g(-9)?
2, 3, 47
Let w(t) = -t**3 - 3*t**2 - 12. Let r be w(-4). Suppose -2*s + c = -360, 3*c + r = -2. What are the prime factors of s?
179
Let r(x) be the third derivative of -5*x**4/4 - 13*x**3/6 + 20*x**2. Let f be r(-3). Let z = 84 - f. What are the prime factors of z?
7
Let d = 6540 - 5179. What are the prime factors of d?
1361
Suppose 2*c = y + 11005, -4*y + 6954 = 5*c - 20565. What are the prime factors of c?
5503
Let l be (831/1385)/((-1)/(-50)). Suppose -k - 2 + 4 = 0. List the prime factors of (-2)/(k/(-2)) + l*2.
2, 31
Suppose -27530 = -4*a + z, 2*z - 6402 = 4*a - 33930. List the prime factors of a.
6883
Let r(p) be the first derivative of 43*p**3 + 2*p**2 - 21*p - 285. List the prime factors of r(3).
2, 3
Suppose 56*j - 248*j + 20429 + 7836211 = 0. What are the prime factors of j?
2, 3, 5, 11, 31
Let a(z) = -z**3 + 3*z**2 + 2*z + 7. Let x be a(4). What are the prime factors of (1*10/(-30))/(x/351)?
3, 13
Let f(w) = w**2 + w + 2. Let p(s) = -58*s**2 + 3*s - 15. Let j(u) = -3*f(u) - p(u). What are the prime factors of j(2)?
7, 31
Suppose 3 = -7*s + 6*s, -5*s = 4*d - 8469. What are the prime factors of d?
3, 7, 101
Let u = -3 - -6. Suppose 8 = q - 0*q - u*s, -28 = 2*q + 5*s. Let p(o) = 3*o**2 + 4*o + 4. List the prime factors of p(q).
2, 3
Suppose -5*f + 174316 + 46204 = 0. What are the prime factors of f?
2, 37, 149
Suppose -r + 16 = -n + 22, -r = 2*n - 6. Suppose n*q = -5*b + 722, 0*b - 5*b = 2*q - 716. List the prime factors of b.
2, 71
Let b(m) = -m**2 + 8*m + 14. Let o = 35 - 26. Let u be b(o). Suppose s - 53 = -h, 2*h - u*h - 135 = -3*s. List the prime factors of s.
7
Suppose 15 = 4*l - 5*m, 0*l = -l + 5*m. Suppose -f - f + 567 = 3*k, k - 172 = l*f. List the prime factors of k.
11, 17
Let k be ((-7014)/(-9))/((-50)/75). Let c = -276 - k. List the prime factors of c.
19, 47
Let v = -78 - -71. What are the prime factors of ((-15)/5)/(v/301)?
3, 43
Let t = 20723 + -13745. What are the prime factors of t?
2, 3, 1163
Let j(z) = z - 18. Let o be j(21). List the prime factors of -6*(6 - 145/o).
2, 127
List the prime factors of 37804/1*(-30 - (-549)/18).
2, 13, 727
Let h(g) = 7*g - 97. Let u be h(15). Let m(x) = x**3 + 5*x**2 - 20*x + 35. List the prime factors of m(u).
7, 101
Let p(b) = -2*b**3 + 52*b**2 + 14*b + 29. Let g be p(26). Let d = 684 - g. List the prime factors of d.
3, 97
Suppose 10*a - 13365 = 25*a. Let k(u) = 6*u + 3. Let b be k(-8). List the prime factors of (a/b)/(2/10).
3, 11
Let i(s) = 2*s**3 + 61*s**2 + 13*s + 5. What are the prime factors of i(-25)?
3, 5, 19, 23
Suppose -388 = -2*a + 122. Suppose -3*r = r + 5*c - 1466, -5*r - c + 1843 = 0. Let x = r - a. What are the prime factors of x?
2, 3, 19
Let s(v) = 5*v + 45. Let h be s(-9). Suppose -a = l - 401, h = -10*l + 7*l. List the prime factors of a.
401
Suppose 0 = o - 10*o - 4707. Let n = -263 - o. List the prime factors of n.
2, 5, 13
Suppose 0 = a - 5583 + 1478. Suppose a = -80*z + 85*z. What are the prime factors of z?
821
Let v(m) = 4*m - 241 - 3*m + 239. Let o be v(5). Suppose i = -o, 0*i + 474 = 4*w + 2*i. List the prime factors of w.
2, 3, 5
Let v be (-18)/12*(-180)/(-27). What are the prime factors of (-2646)/v + -3 + 4/10?
2, 131
Suppose 4*x + 5*j = 1424, -3*x - 2*j = -5*x + 712. Let p = x + -267. List the prime factors of p.
89
Suppose -30 = -5*q, 8*f + 30822 = 10*f - 3*q. List the prime factors of f.
2, 3, 5, 257
Suppose 58892 = 11*p + 22196. List the prime factors of p.
2, 3, 139
Let q(i) = 129*i - 113. Let m = 569 - 567. What are the prime factors of q(m)?
5, 29
Let g be 3/((-6)/2) - -5. Let f = 398 + -396. Suppose f*c - 57 = 4*v - 5*v, -108 = -4*c - g*v. What are the prime factors of c?
2, 3, 5
Suppose -426 = -110*u + 104*u. Let o = 145 + u. List the prime factors of o.
2, 3
Let i be (11 - 6) + -9 + -3 + 726. Suppose 7*u + i = 2084. What are the prime factors of u?
3, 5, 13
Let w be (-44 - (16/(-6) - -2))*3. Let i = w - -130. Suppose f + 5*v = 92, i*f + 196 = 3*f - 5*v. What are the prime factors of f?
2, 3
Let m(d) = 2*d**2 + 210*d - 359. What are the prime factors of m(28)?
3, 17, 139
Suppose -4*b + 9365 = 2*l - 13157, -16899 = -3*b + l. List the prime factors of (-10)/(-75) - b/(-60).
2, 47
Suppose 0*r = -5*r + 3820. Let z = r - 426. List the prime factors of z.
2, 13
Suppose -953*a = -958*a + 5*f + 24735, -2*a = 2*f - 9910. What are the prime factors of a?
4951
What are the prime factors of 39912 - 18/(4 + -10)?
3, 5, 887
Suppose -154*n + 181535 = -311146 - 446565. List the prime factors of n.
3, 19, 107
Suppose -n + 6 = 3. Let j be 1875/(-120)*-4*2. List the prime factors of j/4 - n/12.
31
Let k be ((-27)/63)/(4/(-14))*442. Let m = 1830 - k. List the prime factors of m.
3, 389
Let n(c) = 536*c**2 - 203*c + 286. List the prime factors of n(11).
7, 11, 19, 43
Suppose -2978 = -w - 5*i, -4*i + 3185 = 5*w - 11768. Suppose r + d - w = -4*r, -3*r + 1793 = 2*d. List the prime factors of r.
599
Suppose 5*n = 3*h - 116 - 14, -192 = -4*h + 2*n. Let l be 20/h*(31 - 1). Let i(m) = 10*m - 20. List the prime factors of i(l).
2, 5
Suppose -71*b + 567710 = -50*b + 109*b. What are the prime factors of b?
11, 397
Let l(y) = -32. Let z(f) = 2*f. Let o(m) = l(m) + 3*z(m). List the prime factors of o(6).
2
Let f be (-9)/(1*(3 + -4)). Let w be f/4 + (-1)/4. Suppose -23 = -w*b - 7. What are the prime factors of b?
2
Suppose 44840 = 63*d - 106171. List the prime factors of d.
3, 17, 47
Suppose 178*a - 175*a + 2*w = 68292, -4*a = 5*w - 91070. List the prime factors of a.
2, 5, 569
Suppose 44*p - 273806 + 96178 = 0. List the prime factors of p.
11, 367
Let a(g) = -g**2 - 27*g - 82. Let d be a(-29). Let b = 205 - d. List the prime factors of b.
3, 5, 23
Let u(h) = -36 + 47*h + 46 + 79*h. List the prime factors of u(3).
2, 97
Suppose -181699 = -57*x + 164918. What are the prime factors of x?
3, 2027
Let r = 162 + -165. List the prime factors of ((-2)/r)/((-34)/(-18309)).
359
Suppose -25 = -32*a + 71. List the prime factors of 3 - a*(-5 - -3134)/(-7).
2, 3, 7
Let n = -4948 - -12184. What are the prime factors of n?
2, 3, 67
What are the prime factors of (-1 - -2997)*(-198)/(-77)*5?
2, 3, 5, 107
Let w(r) = 2414*r**3 + 28*r**2 - 5*r - 2. List the prime factors of w(2).
2, 23, 211
List the prime factors of 18632/(-408)*-9*2/2.
3, 137
Let c be (-1 + 258/(-4))*(20 + -22). Let o = 285 - c. Let b = o + 127. List the prime factors of b.
281
Let g(n) = n**2 + 2*n - 4. Let w be g(-4). Let a be w + (1 + 64)/(-5). List the prime factors of (-61)/(3/a*1).
3, 61
Let y = -18027 + 59690. What are the prime factors of y?
61, 683
Suppose 4*q + 60 = 3*c, 5*c - 31 = -q + 46. Let n(x) = x**3 - 16*x**2 - x + 16. Let v be n(c). What are the prime factors of (-2 + 36/(-8))*(-2 + v)?
13
Suppose -200 + 28 = -q. What are the prime factors of q - -1*16/(-4) - 0?
2, 3, 7
What are the prime factors of (-68 + -3)*(-127 - -14)?
71, 113
What are the prime factors of (-5 + 6)/(14/136052)?
2, 43, 113
Let l = -108 - -66. Let g = -4 - l. What are the prime factors of g?
2, 19
Suppose -68*y - 216 = -62*y. Let o = 58 - y. List the prime factors of o.
2, 47
Suppose -3*c - 5*o + 50 = -0*o, -120 = -4*c + 4*o. Let p(t) = 28*t - 101. List the prime factors of p(c).
599
What are the prime factors of (21/(-5) - (-93)/(-310))*-9066?
3, 1511
Suppose 395*n = 391*n + 180. Suppose 0 = -n